b55?
211b55
In base 2, what is -1110101 + 1000100?
-110001
In base 14, what is 9bd + 36?
a15
In base 12, what is -1746 + -275?
-19bb
In base 12, what is -ba9 - -10?
-b99
In base 4, what is -1301 + -1300?
-3201
In base 9, what is 2 - -237806?
237808
In base 8, what is -143 - 2540?
-2703
In base 16, what is -7 + 3a?
33
In base 8, what is -1256 + 45?
-1211
In base 16, what is -8 + -2e6?
-2ee
In base 2, what is -110 + -1101110111001?
-1101110111111
In base 8, what is 17604 - 15?
17567
In base 13, what is 20 + -21b74?
-21b54
In base 9, what is -2051 - 1234?
-3285
In base 6, what is -4 + -14403?
-14411
In base 4, what is -132 - -33030101?
33023303
In base 15, what is 34965 + 12?
34977
In base 14, what is -19c95 + 3?
-19c92
In base 15, what is -b2855 + -3?
-b2858
In base 7, what is -5 - 2651?
-2656
In base 10, what is 20570 - -23?
20593
In base 15, what is 177 + b6c?
ce4
In base 15, what is -1 + -e29?
-e2a
In base 8, what is -236015 - -47?
-235746
In base 16, what is 30a9a - -2?
30a9c
In base 8, what is 126 - -5001?
5127
In base 10, what is -84 + 1?
-83
In base 14, what is 2413b0 + -3?
2413ab
In base 10, what is -6305456 + 5?
-6305451
In base 9, what is 467 + -130?
337
In base 5, what is -14041 - 103?
-14144
In base 16, what is 3 - -33725?
33728
In base 14, what is -2 + -200381?
-200383
In base 8, what is 1457452 + 3?
1457455
In base 6, what is 0 + -2034431?
-2034431
In base 12, what is 10 - 20a?
-1ba
In base 7, what is 611 - 2246?
-1335
In base 5, what is 20122330 - 11?
20122314
In base 14, what is 572 + 135?
6a7
In base 12, what is 1508 + -10?
14b8
In base 12, what is 3 + b21b?
b222
In base 9, what is 522461 + -1?
522460
In base 2, what is 1011 + 111001100000?
111001101011
In base 12, what is -11b873 + 2?
-11b871
In base 4, what is 100020 + 223?
100303
In base 16, what is -d - -5db8?
5dab
In base 2, what is -10 - -101010100001011000000?
101010100001010111110
In base 5, what is -3 - -2041302?
2041244
In base 9, what is -1 + 62442?
62441
In base 7, what is 661 + 413?
1404
In base 8, what is -17066 + -26?
-17114
In base 7, what is -2656 - -535?
-2121
In base 12, what is 0 - 343ab?
-343ab
In base 12, what is 2a + b30?
b5a
In base 10, what is 4 + -445880?
-445876
In base 13, what is -4 - -1035b4?
1035b0
In base 2, what is -110010100 - 1000100101011?
-1001010111111
In base 13, what is 476a + 11?
477b
In base 7, what is 122 - -156263?
156415
In base 10, what is 53 - -6692?
6745
In base 9, what is -224521 + -3?
-224524
In base 14, what is -708 + 13?
-6d5
In base 14, what is -2b97b + 4?
-2b977
In base 7, what is -14126 + -111?
-14240
In base 16, what is 19 + -13ed?
-13d4
In base 4, what is 0 + 2331330?
2331330
In base 4, what is 1 + 13320?
13321
In base 2, what is 111111011 + -1111000011?
-111001000
In base 6, what is -3251242 - 4?
-3251250
In base 10, what is -45432 - -64?
-45368
In base 10, what is -58739 + -14?
-58753
In base 4, what is 1220 - 100333?
-33113
In base 6, what is 5142101 + 32?
5142133
In base 8, what is -3214 + 235?
-2757
In base 5, what is 11411 + -24?
11332
In base 6, what is -3521332 + 2?
-3521330
In base 11, what is 200 - 593?
-393
In base 16, what is 4 - 5dc?
-5d8
In base 14, what is 1 - -875?
876
In base 7, what is 263412 + 5?
263420
In base 13, what is 11b + c62?
1080
In base 11, what is -232 + -9767?
-9999
In base 10, what is 215 - 2664?
-2449
In base 8, what is 1056 + 1327?
2405
In base 15, what is -2590 - 7?
-2597
In base 6, what is 222533 + -5?
222524
In base 13, what is -697 + -101?
-798
In base 7, what is 31 + -21162?
-21131
In base 16, what is -5711 - -2?
-570f
In base 7, what is 55466 - -36?
55535
In base 14, what is -5 + -3006?
-300b
In base 4, what is -2 + -12331130?
-12331132
In base 3, what is -221 - -222220002?
222212011
In base 15, what is a5 - 660e?
-6559
In base 6, what is -211 + 31304?
31053
In base 3, what is -10122 - 1022011?
-1102210
In base 13, what is -b560 + -19?
-b579
In base 4, what is -1 + -32302101?
-32302102
In base 7, what is -4164542 - 3?
-4164545
In base 8, what is 6 - 143010?
-143002
In base 12, what is 1898362 + -1?
1898361
In base 9, what is 173 + 280?
463
In base 8, what is 5573 - -13?
5606
In base 2, what is 1110 + -11000100?
-10110110
In base 5, what is 104 + 222?
331
In base 7, what is -14011 - -30?
-13651
In base 10, what is -16 - -60724?
60708
In base 10, what is -3 - 12457?
-12460
In base 2, what is -10 - -11011010010000011?
11011010010000001
In base 7, what is -131463051 - 1?
-131463052
In base 16, what is 12a + -4d2?
-3a8
In base 5, what is 1021 + 211?
1232
In base 3, what is 10201 + -201202?
-121001
In base 9, what is -1164703 + 0?
-1164703
In base 10, what is -297 + -19322?
-19619
In base 7, what is -115160 - 116?
-115306
In base 4, what is 2 - -1011123?
1011131
In base 8, what is 21 + 437172?
437213
In base 16, what is -7a2f4 + 5?
-7a2ef
In base 16, what is -486 - -12?
-474
In base 5, what is 20 + -2304?
-2234
In base 4, what is -3010203 - 2?
-3010211
In base 12, what is -76932 - 0?
-76932
In base 6, what is -453 + 1102?
205
In base 12, what is 1 + -148b0?
-148ab
In base 16, what is 383ee + 0?
383ee
In base 16, what is 0 - -87c?
87c
In base 14, what is 122 - 7?
119
In base 10, what is 82 + 254?
336
In base 6, what is 2 - 55532342?
-55532340
In base 8, what is 12 + 440170?
440202
In base 4, what is -31 + 100133?
100102
In base 14, what is 125 - 127?
-2
In base 16, what is -2c9f72 - 2?
-2c9f74
In base 14, what is -148dd + 5?
-148d8
In base 11, what is -3006172 + 2?
-3006170
In base 16, what is 49 - -42?
8b
In base 6, what is -4522115 - -3?
-4522112
In base 9, what is 0 + -45581?
-45581
In base 12, what is -63 + 44?
-1b
In base 13, what is 2 - -1a55c5?
1a55c7
In base 13, what is 10 + -570a2?
-57092
In base 4, what is 11001 + 110113?
121120
In base 10, what is -816 - 4?
-820
In base 16, what is 36bf8 + 4?
36bfc
In base 6, what is -1143 - 25122?
-30305
In base 3, what is -121021201 + 1?
-121021200
In base 3, what is 0 - 22002112211?
-22002112211
In base 16, what is 5627 + -3?
5624
In base 9, what is -2 + -63148?
-63151
In base 2, what is -10 - -10110010000110?
10110010000100
In base 2, what is 11 - 101101000000100001?
-101101000000011110
In base 14, what is -17c4c + -2?
-17c50
In base 15, what is 2002a + 3?
2002d
In base 12, what is 4 + -2b44?
-2b40
In base 15, what is 8d2 - 17?
8ba
In base 8, what is 14 - -4001?
4015
In base 10, what is 0 - -33888?
33888
In base 9, what is 68 + -2086?
-2017
In base 9, what is 4 + -2153527?
-2153523
In base 4, what is 11232113 + -13?
11232100
In base 4, what is -10231222 - 0?
-10231222
In base 10, what is -233 + 110?
-123
In base 7, what is -443444 + 4?
-443440
In base 15, what is -19346 - 6?
-1934c
In base 16, what is 6 - -cb2bf?
cb2c5
In base 6, what is 1500344 - -3?
1500351
In base 9, what is 32 + -1304?
-1262
In base 10, what is 103340 + -1?
103339
In base 13, what is 0 + 26348?
26348
In base 11, what is 0 + -12950?
-12950
In base 6, what is -524 + 205?
-315
In base 6, what is -1 - -151013?
151012
In base 9, what is 2661110 - -3?
2661113
In base 16, what is cfbf - 2?
cfbd
In base 12, what is 10a2 - aa?
bb4
In base 3, what is -2110111 - -1?
-2110110
In base 8, what is -16203 + 4?
-16177
In base 14, what is 19 + d3?
10c
In base 4, what is -330 - 100100323?
-100101313
In base 12, what is 19 - -4194?
41b1
In base 10, what is 63 + 63?
126
In base 12, what is 2 + 1b226?
1b228
In base 7, what is 3 - -30232?
30235
In base 11, what is -5627 + -4?
-5630
In base 13, what is -12 + -4ba?
-4cc
In base 16, what is -6 - 1abd6?
-1abdc
In base 4, what is 2213 + 31231?
100110
In base 14, what is 189d9a - -1?
189d9b
In base 6, what is 522102 - -240?
522342
In base 5, what is 1031320 - 311?
1031004
In base 14, what is -4b31 + 8?
-4b27
In base 14, what is 32508c - -3?
325091
In base 12, what is -4 + b8638?
b8634
In base 7, what is 2 + -66042?
-66040
In base 16, what is ecaa - 4?
eca6
In base 3, what is -1000100 - 1122?
-1001222
In base 7, what is -23 + 4203243?
4203220
In base 10, what is -3 + -3899?
-3902
In base 8, what is -5 + 66351?
66344
In base 10, what is -1024311 + 3?
-1024308
In base 15, what is -5 + b3e4?
b3de
In base 12, what is -1 - -ba09?
ba08
In base 14, what is -2bdc05 + -3?
-2bdc08
In base 2, what is -1 + -1101011010010101001?
-1101011010010101010
In base 1